{"id":8,"date":"2023-09-06T22:14:37","date_gmt":"2023-09-06T20:14:37","guid":{"rendered":"https:\/\/location-alpe-dhuez-villard-reculas.com\/?page_id=8"},"modified":"2026-02-06T11:52:26","modified_gmt":"2026-02-06T10:52:26","slug":"location-vacances-alpe-dhuez","status":"publish","type":"page","link":"https:\/\/location-alpe-dhuez-villard-reculas.com\/","title":{"rendered":"Bienvenue !"},"content":{"rendered":"<p><\/p>\n<div class=\"wp-block-cover alignfull has-parallax is-position-center-center\" style=\"min-height:375px;aspect-ratio:unset;\">\n<div class=\"wp-block-cover__image-background wp-image-43 has-parallax\" style=\"background-position:50% 50%;background-image:url(https:\/\/location-alpe-dhuez-villard-reculas-com.preview-domain.com\/wp-content\/uploads\/2023\/02\/20221119_093803-scaled.jpg)\"><\/div>\n<p><span aria-hidden=\"true\" class=\"wp-block-cover__background has-background-dim-60 has-background-dim\"><\/span><\/p>\n<div class=\"wp-block-cover__inner-container is-layout-flow wp-block-cover-is-layout-flow\"><div id=\"metaslider-id-115\" style=\"max-width: 600px; margin: 0 auto;\" class=\"ml-slider-3-107-0 metaslider metaslider-flex metaslider-115 ml-slider  .metaslider .caption, .metaslider .cs-title, .metaslider .nivo-caption {     font-size: 0.3em; \/* adjust as necessary *\/ } has-dots-nav ms-theme-default\" role=\"region\" aria-label=\"Appartement\" data-height=\"450\" data-width=\"600\">\n    <div id=\"metaslider_container_115\">\n        <div id=\"metaslider_115\">\n            <ul class='slides'>\n                <li style=\"display: block; width: 100%;\" class=\"slide-120 ms-image \" aria-roledescription=\"slide\" data-date=\"2023-03-02 15:07:57\" data-filename=\"Coin-repas-Copier-1-scaled-600x450.jpg\" data-slide-type=\"image\"><img loading=\"lazy\" decoding=\"async\" src=\"https:\/\/location-alpe-dhuez-villard-reculas.com\/wp-content\/uploads\/2023\/03\/Coin-repas-Copier-1-scaled-600x450.jpg\" height=\"450\" width=\"600\" alt=\"\" class=\"slider-115 slide-120 msDefaultImage\" title=\"Le coin repas - location Alpe d&#039;huez Villard-reculas\" \/><div class=\"caption-wrap\"><div class=\"caption\">Le coin repas. <\/div><\/div><\/li>\n                <li style=\"display: none; width: 100%;\" class=\"slide-117 ms-image \" aria-roledescription=\"slide\" data-date=\"2023-03-02 15:06:21\" data-filename=\"IMG_20221105_224644-scaled-600x450.jpg\" data-slide-type=\"image\"><img loading=\"lazy\" decoding=\"async\" src=\"https:\/\/location-alpe-dhuez-villard-reculas.com\/wp-content\/uploads\/2023\/03\/IMG_20221105_224644-scaled-600x450.jpg\" height=\"450\" width=\"600\" alt=\"Le lit escamotable d\u00e9pli\u00e9 - location Alpe d&#039;huez Villard-reculas\" class=\"slider-115 slide-117 msDefaultImage\" title=\"Le lit escamotable d\u00e9pli\u00e9 - literie de qualit\u00e9\" \/><div class=\"caption-wrap\"><div class=\"caption\">Le lit escamotable d\u00e9pli\u00e9.<\/div><\/div><\/li>\n                <li style=\"display: none; width: 100%;\" class=\"slide-122 ms-image \" aria-roledescription=\"slide\" data-date=\"2023-03-02 15:08:12\" data-filename=\"coin-montagne-600x450.jpg\" data-slide-type=\"image\"><img loading=\"lazy\" decoding=\"async\" src=\"https:\/\/location-alpe-dhuez-villard-reculas.com\/wp-content\/uploads\/2023\/03\/coin-montagne-600x450.jpg\" height=\"450\" width=\"600\" alt=\"\" class=\"slider-115 slide-122 msDefaultImage\" title=\"Le coin montagne - location Alpe d&#039;huez Villard-reculas\" \/><div class=\"caption-wrap\"><div class=\"caption\">Le coin montagne.<\/div><\/div><\/li>\n                <li style=\"display: none; width: 100%;\" class=\"slide-119 ms-image \" aria-roledescription=\"slide\" data-date=\"2023-03-02 15:07:51\" data-filename=\"WhatsApp-Image-2022-10-30-a-23.28.36-600x450.jpg\" data-slide-type=\"image\"><img loading=\"lazy\" decoding=\"async\" src=\"https:\/\/location-alpe-dhuez-villard-reculas.com\/wp-content\/uploads\/2023\/03\/WhatsApp-Image-2022-10-30-a-23.28.36-600x450.jpg\" height=\"450\" width=\"600\" alt=\"\" class=\"slider-115 slide-119 msDefaultImage\" title=\"L&#039;entr\u00e9e de l&#039;appartement - location Alpe d&#039;huez Villard-reculas\" \/><div class=\"caption-wrap\"><div class=\"caption\">L'entr\u00e9e de l'appartement.<\/div><\/div><\/li>\n                <li style=\"display: none; width: 100%;\" class=\"slide-194 ms-image \" aria-roledescription=\"slide\" data-date=\"2023-03-02 18:47:57\" data-filename=\"Salle-de-bain-Copier-scaled-600x450.jpg\" data-slide-type=\"image\"><img loading=\"lazy\" decoding=\"async\" src=\"https:\/\/location-alpe-dhuez-villard-reculas.com\/wp-content\/uploads\/2023\/03\/Salle-de-bain-Copier-scaled-600x450.jpg\" height=\"450\" width=\"600\" alt=\"\" class=\"slider-115 slide-194 msDefaultImage\" title=\"La salle de bains ( les WC sont s\u00e9par\u00e9s ! ) location Alpe d&#039;huez Villard-reculas\" \/><div class=\"caption-wrap\"><div class=\"caption\">La salle de bains \/ WC sont s\u00e9par\u00e9s.<\/div><\/div><\/li>\n                <li style=\"display: none; width: 100%;\" class=\"slide-118 ms-image \" aria-roledescription=\"slide\" data-date=\"2023-03-02 15:07:46\" data-filename=\"IMG_20221119_185519-scaled-600x450.jpg\" data-slide-type=\"image\"><img loading=\"lazy\" decoding=\"async\" src=\"https:\/\/location-alpe-dhuez-villard-reculas.com\/wp-content\/uploads\/2023\/03\/IMG_20221119_185519-scaled-600x450.jpg\" height=\"450\" width=\"600\" alt=\"L&#039;espace salon \/ canap\u00e9 - location Alpe d&#039;huez Villard-reculas\" class=\"slider-115 slide-118 msDefaultImage\" title=\"L&#039;espace salon \/ canap\u00e9 - location Alpe d&#039;huez Villard-reculas\" \/><div class=\"caption-wrap\"><div class=\"caption\">L'espace salon \/ canap\u00e9.<\/div><\/div><\/li>\n                <li style=\"display: none; width: 100%;\" class=\"slide-124 ms-image \" aria-roledescription=\"slide\" data-date=\"2023-03-02 15:08:34\" data-filename=\"20230603_150359-scaled-600x450.jpg\" data-slide-type=\"image\"><img loading=\"lazy\" decoding=\"async\" src=\"https:\/\/location-alpe-dhuez-villard-reculas.com\/wp-content\/uploads\/2023\/06\/20230603_150359-scaled-600x450.jpg\" height=\"450\" width=\"600\" alt=\"\" class=\"slider-115 slide-124 msDefaultImage\" title=\"Le balcon - location Alpe d&#039;huez Villard-reculas - vue sur les \u00e9crins et l&#039;Oisans - soleil - chaise longue\" \/><div class=\"caption-wrap\"><div class=\"caption\">Le balcon.<\/div><\/div><\/li>\n                <li style=\"display: none; width: 100%;\" class=\"slide-121 ms-image \" aria-roledescription=\"slide\" data-date=\"2023-03-02 15:08:08\" data-filename=\"IMG_5601-scaled-600x450.jpg\" data-slide-type=\"image\"><img loading=\"lazy\" decoding=\"async\" src=\"https:\/\/location-alpe-dhuez-villard-reculas.com\/wp-content\/uploads\/2023\/03\/IMG_5601-scaled-600x450.jpg\" height=\"450\" width=\"600\" alt=\"\" class=\"slider-115 slide-121 msDefaultImage\" title=\"La vue depuis le parking de la r\u00e9sidence\" \/><div class=\"caption-wrap\"><div class=\"caption\">Depuis le parking de la r\u00e9sidence.<\/div><\/div><\/li>\n            <\/ul>\n        <\/div>\n        \n    <\/div>\n<\/div>\n<\/p>\n<p><\/p>\n<p class=\"has-text-align-center has-text-color has-medium-font-size\" style=\"color:#fffffa;line-height:1.1\"><strong>Votre location d&rsquo;appartement de vacances, hiver ou \u00e9t\u00e9, au c\u0153ur des alpages, dans un des seuls villages pr\u00e9serv\u00e9 et authentique de l&rsquo;Oisans<\/strong>, <strong>sur le grand domaine de l&rsquo; Alpe d&rsquo;Huez<\/strong><\/p>\n<p><\/p>\n<p><\/p>\n<p class=\"has-text-align-center has-white-color has-text-color has-small-font-size\">Le meilleur des deux mondes hiver comme \u00e9t\u00e9 : le calme sur place et l&rsquo;activit\u00e9 d&rsquo;une station anim\u00e9e \u00e0 proximit\u00e9 imm\u00e9diate ! <\/p>\n<p><\/p>\n<p><\/p>\n<p class=\"has-text-align-center\">R\u00e9servez d\u00e8s \u00e0 pr\u00e9sent votre s\u00e9jour pour l&rsquo;\u00e9t\u00e9 2026 et b\u00e9n\u00e9ficiez de tarifs pr\u00e9f\u00e9rentiels !<\/p>\n<p><\/p>\n<p><\/p>\n<h2 class=\"wp-block-heading has-text-align-center\"><em>Hiver ET Et\u00e9&#8230;<\/em><\/h2>\n<p><\/p>\n<p><\/p>\n<p class=\"has-text-align-center has-white-color has-text-color has-small-font-size\">Bien s\u00fbr, en hiver, avec un domaine \u00ab\u00a0Alpe d&rsquo;Huez &#8211; grand domaine\u00a0\u00bb parmi les plus r\u00e9put\u00e9s des Alpes. 300 jours de soleil par an ! Par ailleurs, un panorama fabuleux vous attend \u00e0 3330m au Pic Blanc. C&rsquo;est aussi la piste de Sarenne, la plus longue du monde avec 16 km  de plaisir !  Le domaine comporte 132 pistes, pour un total de 251 km ! <\/p>\n<p><\/p>\n<p><\/p>\n<p class=\"has-text-align-center has-white-color has-text-color has-small-font-size\">Ensuite, \u00e9voquons le domaine de ski nordique, sur le plateau des lacs, dot\u00e9 de 50 km de pistes. <\/p>\n<p><\/p>\n<p><\/p>\n<p class=\"has-text-align-center has-white-color has-text-color has-small-font-size\">Les activit\u00e9s sont innombrables : bapt\u00eames avion \/ h\u00e9licopt\u00e8re, raquettes, randonn\u00e9es, chiens de traineaux, luge, patinoire, piscine int\u00e9rieure et ext\u00e9rieure \u2026.<\/p>\n<p><\/p>\n<p><\/p>\n<h2 class=\"wp-block-heading has-text-align-center\"><em>Le \u00ab\u00a0temple\u00a0\u00bb du cyclisme&#8230;<\/em><\/h2>\n<p><\/p>\n<p><\/p>\n<p class=\"has-text-align-center has-white-color has-text-color has-small-font-size\">Rendez vous incontournable des cyclistes, L&rsquo;Alpe d&rsquo;huez est, aussi, l&rsquo;arriv\u00e9e mythique du <a href=\"https:\/\/www.letour.fr\/fr\">Tour de France<\/a> cycliste et des cyclosportives comme \u00ab\u00a0La Marmotte\u00a0\u00bb. R\u00e9gion cycliste par excellence avec les grands noms que sont le col du Galibier, le col du t\u00e9l\u00e9graphe, le col de la croix de fer , le col du Gandon, le col du Lautaret, Montgen\u00e8vre, Col du Luitel &#8230;, l&rsquo;Oisans vous attend ! <\/p>\n<p><\/p>\n<p><\/p>\n<h2 class=\"wp-block-heading has-text-align-center\"><em>Tous les sports&#8230;<\/em><\/h2>\n<p><\/p>\n<p><\/p>\n<p class=\"has-text-align-center has-white-color has-text-color has-small-font-size\">Le triathlon de l&rsquo; Alpe d&rsquo;Huez, la \u00ab\u00a0M\u00e9gavalanche\u00a0\u00bb, les trails estivaux et hivernaux  combleront les sportifs ! <\/p>\n<p><\/p>\n<p><\/p>\n<p class=\"has-small-font-size\">A vous \u00e9g\u00e9lement l&rsquo;Alpinisme et la randonn\u00e9e dans les massifs de l&rsquo;Etandard, les Ecrins, les Cerces et Belledonne. Le plateau d&rsquo;Emparis vous offrira son merveilleux balcon sur les Ecrins. <\/p>\n<p><\/p>\n<p><\/p>\n<h2 class=\"wp-block-heading has-text-align-center\"><em>Pour la famille&#8230;<\/em><\/h2>\n<p><\/p>\n<p><\/p>\n<p class=\"has-text-align-center has-white-color has-text-color has-small-font-size\">Pour la famille, une mine d&rsquo;activit\u00e9s sont propos\u00e9es par les offices de tourisme de l&rsquo;Alpe d&rsquo;Huez et de Villard-Reculas. Vous pouvez en trouver le d\u00e9tail en cliquant sur les liens ci dessous ! La piscine, le spa, la patinoire \u00e0 l&rsquo;Alpe d&rsquo;Huez sont accessibles sans limite avec la carte \u00ab\u00a0<a href=\"https:\/\/www.alpedhuez.com\/fr\/ete\/types-apidae\/activite\/carte-premium-ete-2\/\">premium \u00e9t\u00e9<\/a>\u00a0\u00bb <\/p>\n<p><\/p>\n<p><\/p>\n<p class=\"has-text-align-center has-white-color has-text-color has-small-font-size\">Logement de vacances confortable et fonctionnel (class\u00e9 par organisme agr\u00e9\u00e9 3 \u00e9toiles ) , refait \u00e0 neuf, avec vue plein sud fantastique sur l&rsquo;Oisans, au c\u0153ur des alpages et de la nature.<\/p>\n<p><\/p>\n<p><\/p>\n<p class=\"has-text-align-center\">R\u00e9servez d\u00e8s \u00e0 pr\u00e9sent la location de votre appartement sur le domaine de l&rsquo;Alpe d&rsquo;Huez ! <\/p>\n<p><\/p>\n<p><\/p>\n<div style=\"height:39px\" aria-hidden=\"true\" class=\"wp-block-spacer\"><\/div>\n<p><\/p>\n<p><\/p>\n<div class=\"wp-block-buttons is-horizontal is-content-justification-center is-layout-flex wp-container-core-buttons-is-layout-03627597 wp-block-buttons-is-layout-flex\"><\/p>\n<div class=\"wp-block-button is-style-outline is-style-outline--1\"><a class=\"wp-block-button__link has-white-color has-text-color has-custom-font-size wp-element-button\" href=\"mailto:renseignements@location-alpe-dhuez-villard-reculas.com\" style=\"font-size:11px\">Contactez NOUS par mail ici<\/a><\/div>\n<p><\/p>\n<p><\/p>\n<div class=\"wp-block-button is-style-outline is-style-outline--2\"><a class=\"wp-block-button__link has-white-color has-text-color has-custom-font-size wp-element-button\" href=\"https:\/\/location-alpe-dhuez-villard-reculas.com\/index.php\/contact\/\" style=\"font-size:11px\">Contactez nous via le formulaire ici<\/a><\/div>\n<p><\/p>\n<p><\/p>\n<div class=\"wp-block-button is-style-outline is-style-outline--3\"><a class=\"wp-block-button__link has-white-color has-text-color has-custom-font-size wp-element-button\" href=\"https:\/\/location-alpe-dhuez-villard-reculas.com\/index.php\/plan-du-site\/\" style=\"font-size:11px\">Plan du site<\/a><\/div>\n<p><\/div>\n<p><\/div>\n<\/div>\n<p><\/p>\n<p><\/p>\n<hr class=\"wp-block-separator has-alpha-channel-opacity is-style-wide\"\/>\n<\/p>\n<p><\/p>\n<figure class=\"wp-block-gallery has-nested-images columns-default wp-block-gallery-4 is-layout-flex wp-block-gallery-is-layout-flex\"><\/p>\n<figure class=\"wp-block-image size-full\"><a href=\"https:\/\/www.villard-reculas.com\/\"><img loading=\"lazy\" decoding=\"async\" width=\"235\" height=\"87\" data-id=\"316\" src=\"https:\/\/location-alpe-dhuez-villard-reculas.com\/wp-content\/uploads\/2023\/03\/logo-villard-oisans-e1677784343898.png\" alt=\"Office de tourisme de Villard-Reculas\nlocation appartement ski alpe d'huez\" class=\"wp-image-316\"\/><\/a><\/figure>\n<p><\/p>\n<p><\/p>\n<figure class=\"wp-block-image size-full\"><a href=\"https:\/\/www.alpedhuez.com\/fr\"><img loading=\"lazy\" decoding=\"async\" width=\"257\" height=\"78\" data-id=\"314\" src=\"https:\/\/location-alpe-dhuez-villard-reculas.com\/wp-content\/uploads\/2023\/03\/logo-alpe-huez-e1677784335113.png\" alt=\"Office de tourisme de l'Alpe d'Huez\nlocation appartement ski alpe d'huez\" class=\"wp-image-314\"\/><\/a><\/figure>\n<p><\/p>\n<p><\/p>\n<figure class=\"wp-block-image size-full\"><a href=\"https:\/\/www.oisans.com\/\"><img loading=\"lazy\" decoding=\"async\" width=\"257\" height=\"92\" data-id=\"315\" src=\"https:\/\/location-alpe-dhuez-villard-reculas.com\/wp-content\/uploads\/2023\/03\/logo-oisans-1.png\" alt=\"Office de tourisme de l'Oisans\nlocation appartement ski alpe d'huez\n\" class=\"wp-image-315\"\/><\/a><\/figure>\n<p><figcaption class=\"blocks-gallery-caption wp-element-caption\">Les sites des communes ainsi que de la communaut\u00e9 de communes<\/figcaption><\/figure>\n<p><\/p>\n<p><\/p>\n<p><\/p>\n<p><\/p>\n<p><\/p>\n","protected":false},"excerpt":{"rendered":"","protected":false},"author":1,"featured_media":201,"parent":0,"menu_order":0,"comment_status":"closed","ping_status":"closed","template":"","meta":{"inspiro_hide_title":false,"_joinchat":[],"footnotes":""},"class_list":["post-8","page","type-page","status-publish","has-post-thumbnail","hentry"],"yoast_head":"<!-- This site is optimized with the Yoast SEO plugin v27.3 - https:\/\/yoast.com\/product\/yoast-seo-wordpress\/ -->\n<title>location &quot;Marmottes 19&quot; appartement alpe d&#039;huez ski \u00e9t\u00e9 hiver<\/title>\n<meta name=\"description\" content=\"location appartement &quot;Marmottes 19&quot; alpe d&#039;huez : logement pour vos prochaines vacances \u00e0 Villard Reculas. Votre appartement \u00e9t\u00e9\/hiver\" \/>\n<meta name=\"robots\" content=\"index, follow, max-snippet:-1, max-image-preview:large, max-video-preview:-1\" \/>\n<link rel=\"canonical\" href=\"https:\/\/location-alpe-dhuez-villard-reculas.com\/\" \/>\n<meta property=\"og:locale\" content=\"fr_FR\" \/>\n<meta property=\"og:type\" content=\"article\" \/>\n<meta property=\"og:title\" content=\"location &quot;Marmottes 19&quot; appartement alpe d&#039;huez ski \u00e9t\u00e9 hiver\" \/>\n<meta property=\"og:description\" content=\"location appartement &quot;Marmottes 19&quot; alpe d&#039;huez : logement pour vos prochaines vacances \u00e0 Villard Reculas. Votre appartement \u00e9t\u00e9\/hiver\" \/>\n<meta property=\"og:url\" content=\"https:\/\/location-alpe-dhuez-villard-reculas.com\/\" \/>\n<meta property=\"og:site_name\" content=\"Location \u00e0 Villard-Reculas Domaine de l&#039;Alpe d&#039;Huez\" \/>\n<meta property=\"article:modified_time\" content=\"2026-02-06T10:52:26+00:00\" \/>\n<meta property=\"og:image\" content=\"https:\/\/location-alpe-dhuez-villard-reculas.com\/wp-content\/uploads\/2023\/03\/20221006_174225-Copier.jpg\" \/>\n\t<meta property=\"og:image:width\" content=\"2530\" \/>\n\t<meta property=\"og:image:height\" content=\"1897\" \/>\n\t<meta property=\"og:image:type\" content=\"image\/jpeg\" \/>\n<meta name=\"twitter:card\" content=\"summary_large_image\" \/>\n<meta name=\"twitter:label1\" content=\"Dur\u00e9e de lecture estim\u00e9e\" \/>\n\t<meta name=\"twitter:data1\" content=\"3 minutes\" \/>\n<script type=\"application\/ld+json\" class=\"yoast-schema-graph\">{\"@context\":\"https:\\\/\\\/schema.org\",\"@graph\":[{\"@type\":\"WebPage\",\"@id\":\"https:\\\/\\\/location-alpe-dhuez-villard-reculas.com\\\/\",\"url\":\"https:\\\/\\\/location-alpe-dhuez-villard-reculas.com\\\/\",\"name\":\"location \\\"Marmottes 19\\\" appartement alpe d'huez ski \u00e9t\u00e9 hiver\",\"isPartOf\":{\"@id\":\"https:\\\/\\\/location-alpe-dhuez-villard-reculas.com\\\/#website\"},\"primaryImageOfPage\":{\"@id\":\"https:\\\/\\\/location-alpe-dhuez-villard-reculas.com\\\/#primaryimage\"},\"image\":{\"@id\":\"https:\\\/\\\/location-alpe-dhuez-villard-reculas.com\\\/#primaryimage\"},\"thumbnailUrl\":\"https:\\\/\\\/location-alpe-dhuez-villard-reculas.com\\\/wp-content\\\/uploads\\\/2023\\\/03\\\/20221006_174225-Copier.jpg\",\"datePublished\":\"2023-09-06T20:14:37+00:00\",\"dateModified\":\"2026-02-06T10:52:26+00:00\",\"description\":\"location appartement \\\"Marmottes 19\\\" alpe d'huez : logement pour vos prochaines vacances \u00e0 Villard Reculas. Votre appartement \u00e9t\u00e9\\\/hiver\",\"breadcrumb\":{\"@id\":\"https:\\\/\\\/location-alpe-dhuez-villard-reculas.com\\\/#breadcrumb\"},\"inLanguage\":\"fr-FR\",\"potentialAction\":[{\"@type\":\"ReadAction\",\"target\":[\"https:\\\/\\\/location-alpe-dhuez-villard-reculas.com\\\/\"]}]},{\"@type\":\"ImageObject\",\"inLanguage\":\"fr-FR\",\"@id\":\"https:\\\/\\\/location-alpe-dhuez-villard-reculas.com\\\/#primaryimage\",\"url\":\"https:\\\/\\\/location-alpe-dhuez-villard-reculas.com\\\/wp-content\\\/uploads\\\/2023\\\/03\\\/20221006_174225-Copier.jpg\",\"contentUrl\":\"https:\\\/\\\/location-alpe-dhuez-villard-reculas.com\\\/wp-content\\\/uploads\\\/2023\\\/03\\\/20221006_174225-Copier.jpg\",\"width\":2530,\"height\":1897},{\"@type\":\"BreadcrumbList\",\"@id\":\"https:\\\/\\\/location-alpe-dhuez-villard-reculas.com\\\/#breadcrumb\",\"itemListElement\":[{\"@type\":\"ListItem\",\"position\":1,\"name\":\"Accueil\",\"item\":\"https:\\\/\\\/location-alpe-dhuez-villard-reculas.com\\\/\"},{\"@type\":\"ListItem\",\"position\":2,\"name\":\"Bienvenue !\"}]},{\"@type\":\"WebSite\",\"@id\":\"https:\\\/\\\/location-alpe-dhuez-villard-reculas.com\\\/#website\",\"url\":\"https:\\\/\\\/location-alpe-dhuez-villard-reculas.com\\\/\",\"name\":\"Location Domaine de l'Alpe d'huez\",\"description\":\"Appartement chalet alpe d&#039;huez Villard Reculas\",\"publisher\":{\"@id\":\"https:\\\/\\\/location-alpe-dhuez-villard-reculas.com\\\/#organization\"},\"alternateName\":\"Location appartement ski Alpe d'huez\",\"potentialAction\":[{\"@type\":\"SearchAction\",\"target\":{\"@type\":\"EntryPoint\",\"urlTemplate\":\"https:\\\/\\\/location-alpe-dhuez-villard-reculas.com\\\/?s={search_term_string}\"},\"query-input\":{\"@type\":\"PropertyValueSpecification\",\"valueRequired\":true,\"valueName\":\"search_term_string\"}}],\"inLanguage\":\"fr-FR\"},{\"@type\":\"Organization\",\"@id\":\"https:\\\/\\\/location-alpe-dhuez-villard-reculas.com\\\/#organization\",\"name\":\"Location appartement ski montagne Domaine de l'Alpe d'huez\",\"alternateName\":\"vakantie appartement verhuur alpe d'huez\",\"url\":\"https:\\\/\\\/location-alpe-dhuez-villard-reculas.com\\\/\",\"logo\":{\"@type\":\"ImageObject\",\"inLanguage\":\"fr-FR\",\"@id\":\"https:\\\/\\\/location-alpe-dhuez-villard-reculas.com\\\/#\\\/schema\\\/logo\\\/image\\\/\",\"url\":\"https:\\\/\\\/location-alpe-dhuez-villard-reculas.com\\\/wp-content\\\/uploads\\\/2023\\\/03\\\/IMG-20201207-WA0000.jpg\",\"contentUrl\":\"https:\\\/\\\/location-alpe-dhuez-villard-reculas.com\\\/wp-content\\\/uploads\\\/2023\\\/03\\\/IMG-20201207-WA0000.jpg\",\"width\":960,\"height\":924,\"caption\":\"Location appartement ski montagne Domaine de l'Alpe d'huez\"},\"image\":{\"@id\":\"https:\\\/\\\/location-alpe-dhuez-villard-reculas.com\\\/#\\\/schema\\\/logo\\\/image\\\/\"}}]}<\/script>\n<!-- \/ Yoast SEO plugin. -->","yoast_head_json":{"title":"location \"Marmottes 19\" appartement alpe d'huez ski \u00e9t\u00e9 hiver","description":"location appartement \"Marmottes 19\" alpe d'huez : logement pour vos prochaines vacances \u00e0 Villard Reculas. Votre appartement \u00e9t\u00e9\/hiver","robots":{"index":"index","follow":"follow","max-snippet":"max-snippet:-1","max-image-preview":"max-image-preview:large","max-video-preview":"max-video-preview:-1"},"canonical":"https:\/\/location-alpe-dhuez-villard-reculas.com\/","og_locale":"fr_FR","og_type":"article","og_title":"location \"Marmottes 19\" appartement alpe d'huez ski \u00e9t\u00e9 hiver","og_description":"location appartement \"Marmottes 19\" alpe d'huez : logement pour vos prochaines vacances \u00e0 Villard Reculas. Votre appartement \u00e9t\u00e9\/hiver","og_url":"https:\/\/location-alpe-dhuez-villard-reculas.com\/","og_site_name":"Location \u00e0 Villard-Reculas Domaine de l&#039;Alpe d&#039;Huez","article_modified_time":"2026-02-06T10:52:26+00:00","og_image":[{"width":2530,"height":1897,"url":"https:\/\/location-alpe-dhuez-villard-reculas.com\/wp-content\/uploads\/2023\/03\/20221006_174225-Copier.jpg","type":"image\/jpeg"}],"twitter_card":"summary_large_image","twitter_misc":{"Dur\u00e9e de lecture estim\u00e9e":"3 minutes"},"schema":{"@context":"https:\/\/schema.org","@graph":[{"@type":"WebPage","@id":"https:\/\/location-alpe-dhuez-villard-reculas.com\/","url":"https:\/\/location-alpe-dhuez-villard-reculas.com\/","name":"location \"Marmottes 19\" appartement alpe d'huez ski \u00e9t\u00e9 hiver","isPartOf":{"@id":"https:\/\/location-alpe-dhuez-villard-reculas.com\/#website"},"primaryImageOfPage":{"@id":"https:\/\/location-alpe-dhuez-villard-reculas.com\/#primaryimage"},"image":{"@id":"https:\/\/location-alpe-dhuez-villard-reculas.com\/#primaryimage"},"thumbnailUrl":"https:\/\/location-alpe-dhuez-villard-reculas.com\/wp-content\/uploads\/2023\/03\/20221006_174225-Copier.jpg","datePublished":"2023-09-06T20:14:37+00:00","dateModified":"2026-02-06T10:52:26+00:00","description":"location appartement \"Marmottes 19\" alpe d'huez : logement pour vos prochaines vacances \u00e0 Villard Reculas. Votre appartement \u00e9t\u00e9\/hiver","breadcrumb":{"@id":"https:\/\/location-alpe-dhuez-villard-reculas.com\/#breadcrumb"},"inLanguage":"fr-FR","potentialAction":[{"@type":"ReadAction","target":["https:\/\/location-alpe-dhuez-villard-reculas.com\/"]}]},{"@type":"ImageObject","inLanguage":"fr-FR","@id":"https:\/\/location-alpe-dhuez-villard-reculas.com\/#primaryimage","url":"https:\/\/location-alpe-dhuez-villard-reculas.com\/wp-content\/uploads\/2023\/03\/20221006_174225-Copier.jpg","contentUrl":"https:\/\/location-alpe-dhuez-villard-reculas.com\/wp-content\/uploads\/2023\/03\/20221006_174225-Copier.jpg","width":2530,"height":1897},{"@type":"BreadcrumbList","@id":"https:\/\/location-alpe-dhuez-villard-reculas.com\/#breadcrumb","itemListElement":[{"@type":"ListItem","position":1,"name":"Accueil","item":"https:\/\/location-alpe-dhuez-villard-reculas.com\/"},{"@type":"ListItem","position":2,"name":"Bienvenue !"}]},{"@type":"WebSite","@id":"https:\/\/location-alpe-dhuez-villard-reculas.com\/#website","url":"https:\/\/location-alpe-dhuez-villard-reculas.com\/","name":"Location Domaine de l'Alpe d'huez","description":"Appartement chalet alpe d&#039;huez Villard Reculas","publisher":{"@id":"https:\/\/location-alpe-dhuez-villard-reculas.com\/#organization"},"alternateName":"Location appartement ski Alpe d'huez","potentialAction":[{"@type":"SearchAction","target":{"@type":"EntryPoint","urlTemplate":"https:\/\/location-alpe-dhuez-villard-reculas.com\/?s={search_term_string}"},"query-input":{"@type":"PropertyValueSpecification","valueRequired":true,"valueName":"search_term_string"}}],"inLanguage":"fr-FR"},{"@type":"Organization","@id":"https:\/\/location-alpe-dhuez-villard-reculas.com\/#organization","name":"Location appartement ski montagne Domaine de l'Alpe d'huez","alternateName":"vakantie appartement verhuur alpe d'huez","url":"https:\/\/location-alpe-dhuez-villard-reculas.com\/","logo":{"@type":"ImageObject","inLanguage":"fr-FR","@id":"https:\/\/location-alpe-dhuez-villard-reculas.com\/#\/schema\/logo\/image\/","url":"https:\/\/location-alpe-dhuez-villard-reculas.com\/wp-content\/uploads\/2023\/03\/IMG-20201207-WA0000.jpg","contentUrl":"https:\/\/location-alpe-dhuez-villard-reculas.com\/wp-content\/uploads\/2023\/03\/IMG-20201207-WA0000.jpg","width":960,"height":924,"caption":"Location appartement ski montagne Domaine de l'Alpe d'huez"},"image":{"@id":"https:\/\/location-alpe-dhuez-villard-reculas.com\/#\/schema\/logo\/image\/"}}]}},"_links":{"self":[{"href":"https:\/\/location-alpe-dhuez-villard-reculas.com\/index.php\/wp-json\/wp\/v2\/pages\/8","targetHints":{"allow":["GET"]}}],"collection":[{"href":"https:\/\/location-alpe-dhuez-villard-reculas.com\/index.php\/wp-json\/wp\/v2\/pages"}],"about":[{"href":"https:\/\/location-alpe-dhuez-villard-reculas.com\/index.php\/wp-json\/wp\/v2\/types\/page"}],"author":[{"embeddable":true,"href":"https:\/\/location-alpe-dhuez-villard-reculas.com\/index.php\/wp-json\/wp\/v2\/users\/1"}],"replies":[{"embeddable":true,"href":"https:\/\/location-alpe-dhuez-villard-reculas.com\/index.php\/wp-json\/wp\/v2\/comments?post=8"}],"version-history":[{"count":57,"href":"https:\/\/location-alpe-dhuez-villard-reculas.com\/index.php\/wp-json\/wp\/v2\/pages\/8\/revisions"}],"predecessor-version":[{"id":1779,"href":"https:\/\/location-alpe-dhuez-villard-reculas.com\/index.php\/wp-json\/wp\/v2\/pages\/8\/revisions\/1779"}],"wp:featuredmedia":[{"embeddable":true,"href":"https:\/\/location-alpe-dhuez-villard-reculas.com\/index.php\/wp-json\/wp\/v2\/media\/201"}],"wp:attachment":[{"href":"https:\/\/location-alpe-dhuez-villard-reculas.com\/index.php\/wp-json\/wp\/v2\/media?parent=8"}],"curies":[{"name":"wp","href":"https:\/\/api.w.org\/{rel}","templated":true}]}}