{"id":445,"date":"2023-03-14T15:45:09","date_gmt":"2023-03-14T14:45:09","guid":{"rendered":"https:\/\/location-alpe-dhuez-villard-reculas.com\/?page_id=445"},"modified":"2023-05-24T15:05:59","modified_gmt":"2023-05-24T13:05:59","slug":"appartement-villard-reculas-alpe-dhuez","status":"publish","type":"page","link":"https:\/\/location-alpe-dhuez-villard-reculas.com\/index.php\/appartement-villard-reculas-alpe-dhuez\/","title":{"rendered":"Depuis Grenoble \/ Lyon \/ Gen\u00e8ve"},"content":{"rendered":"<p><\/p>\n<p class=\"has-text-align-center has-medium-font-size\"><strong><em><mark style=\"background-color:rgba(0, 0, 0, 0)\" class=\"has-inline-color has-vivid-purple-color\">Vous arrivez de Grenoble Gares, pour rejoindre votre appartement de vacances \u00e0 Villard-Reculas Alpe d&rsquo;Huez grand domaine : voici les options ! <\/mark><\/em><\/strong><\/p>\n<p><\/p>\n<p><\/p>\n<h2 class=\"has-text-align-center has-medium-font-size wp-block-heading\"><em>Solution 1 :<\/em><\/h2>\n<p><\/p>\n<p><\/p>\n<figure class=\"wp-block-gallery has-nested-images columns-default is-cropped wp-block-gallery-1 is-layout-flex wp-block-gallery-is-layout-flex\"><\/p>\n<figure class=\"wp-block-image size-full is-style-rounded\"><a href=\"https:\/\/www.garesetconnexions.sncf\/fr\/gares-services\/grenoble\"><img loading=\"lazy\" decoding=\"async\" width=\"600\" height=\"400\" data-id=\"617\" src=\"https:\/\/location-alpe-dhuez-villard-reculas.com\/wp-content\/uploads\/2023\/04\/64099a4f89771_whatsapp-image-2023-03-09-at-08-48-59.jpeg\" alt=\"Appartement Villard-Reculas Alpe d'Huez\" class=\"wp-image-617\" srcset=\"https:\/\/location-alpe-dhuez-villard-reculas.com\/wp-content\/uploads\/2023\/04\/64099a4f89771_whatsapp-image-2023-03-09-at-08-48-59.jpeg 600w, https:\/\/location-alpe-dhuez-villard-reculas.com\/wp-content\/uploads\/2023\/04\/64099a4f89771_whatsapp-image-2023-03-09-at-08-48-59-300x200.jpeg 300w\" sizes=\"auto, (max-width: 600px) 100vw, 600px\" \/><\/a><figcaption class=\"wp-element-caption\">Depuis la gare ferroviaire ou routi\u00e8re de Grenoble<\/figcaption><\/figure>\n<p><\/p>\n<p><\/p>\n<figure class=\"wp-block-image size-full is-style-rounded\"><a href=\"https:\/\/www.google.com\/search?q=taxi+villard+reculas&amp;rlz=1C1CHBF_frFR875FR876&amp;oq=taxi+villard+reculas&amp;aqs=chrome..69i57.3709j0j15&amp;sourceid=chrome&amp;ie=UTF-8\"><img loading=\"lazy\" decoding=\"async\" width=\"1140\" height=\"616\" data-id=\"618\" src=\"https:\/\/location-alpe-dhuez-villard-reculas.com\/wp-content\/uploads\/2023\/04\/Taxi-1140X616-1.jpg\" alt=\"Taxi vers Villard-Reculas\" class=\"wp-image-618\" srcset=\"https:\/\/location-alpe-dhuez-villard-reculas.com\/wp-content\/uploads\/2023\/04\/Taxi-1140X616-1.jpg 1140w, https:\/\/location-alpe-dhuez-villard-reculas.com\/wp-content\/uploads\/2023\/04\/Taxi-1140X616-1-300x162.jpg 300w, https:\/\/location-alpe-dhuez-villard-reculas.com\/wp-content\/uploads\/2023\/04\/Taxi-1140X616-1-768x415.jpg 768w\" sizes=\"auto, (max-width: 1140px) 100vw, 1140px\" \/><\/a><figcaption class=\"wp-element-caption\">Possibilit\u00e9 de vous rendre en Taxi \u00e0 l&rsquo;appartement en environ 1h10<\/figcaption><\/figure>\n<p><\/p>\n<p><\/p>\n<figure class=\"wp-block-image size-full is-style-rounded\"><a href=\"https:\/\/www.villard-reculas.com\/\"><img loading=\"lazy\" decoding=\"async\" width=\"1920\" height=\"1280\" data-id=\"619\" src=\"https:\/\/location-alpe-dhuez-villard-reculas.com\/wp-content\/uploads\/2023\/04\/villard-reculas-hiver-02.jpg\" alt=\"Appartement Villard-Reculas Alpe d'Huez\" class=\"wp-image-619\" srcset=\"https:\/\/location-alpe-dhuez-villard-reculas.com\/wp-content\/uploads\/2023\/04\/villard-reculas-hiver-02.jpg 1920w, https:\/\/location-alpe-dhuez-villard-reculas.com\/wp-content\/uploads\/2023\/04\/villard-reculas-hiver-02-300x200.jpg 300w, https:\/\/location-alpe-dhuez-villard-reculas.com\/wp-content\/uploads\/2023\/04\/villard-reculas-hiver-02-768x512.jpg 768w, https:\/\/location-alpe-dhuez-villard-reculas.com\/wp-content\/uploads\/2023\/04\/villard-reculas-hiver-02-1536x1024.jpg 1536w\" sizes=\"auto, (max-width: 1920px) 100vw, 1920px\" \/><\/a><figcaption class=\"wp-element-caption\">A vous la montagne, le ski l&rsquo;hiver et la douceur des alpages en \u00e9t\u00e9 !<\/figcaption><\/figure>\n<p><\/figure>\n<p><\/p>\n<p><\/p>\n<h2 class=\"has-text-align-center has-medium-font-size wp-block-heading\"><em>Solution 2 : <\/em><\/h2>\n<p><\/p>\n<p><\/p>\n<figure class=\"wp-block-gallery has-nested-images columns-default is-cropped wp-block-gallery-2 is-layout-flex wp-block-gallery-is-layout-flex\"><\/p>\n<figure class=\"wp-block-image size-large is-style-rounded\"><a href=\"https:\/\/www.garesetconnexions.sncf\/fr\/gares-services\/grenoble\"><img loading=\"lazy\" decoding=\"async\" width=\"600\" height=\"400\" data-id=\"617\" src=\"https:\/\/location-alpe-dhuez-villard-reculas.com\/wp-content\/uploads\/2023\/04\/64099a4f89771_whatsapp-image-2023-03-09-at-08-48-59.jpeg\" alt=\"Appartement Villard-Reculas Alpe d'Huez\" class=\"wp-image-617\" srcset=\"https:\/\/location-alpe-dhuez-villard-reculas.com\/wp-content\/uploads\/2023\/04\/64099a4f89771_whatsapp-image-2023-03-09-at-08-48-59.jpeg 600w, https:\/\/location-alpe-dhuez-villard-reculas.com\/wp-content\/uploads\/2023\/04\/64099a4f89771_whatsapp-image-2023-03-09-at-08-48-59-300x200.jpeg 300w\" sizes=\"auto, (max-width: 600px) 100vw, 600px\" \/><\/a><figcaption class=\"wp-element-caption\">Depuis la gare ferroviaire ou routi\u00e8re de Grenoble<\/figcaption><\/figure>\n<p><\/p>\n<p><\/p>\n<figure class=\"wp-block-image size-large is-style-rounded\"><a href=\"https:\/\/www.transaltitude.fr\/\"><img loading=\"lazy\" decoding=\"async\" width=\"1181\" height=\"665\" data-id=\"623\" src=\"https:\/\/location-alpe-dhuez-villard-reculas.com\/wp-content\/uploads\/2023\/04\/transaltitude.jpg\" alt=\"Bus vers Villard-Reculas\" class=\"wp-image-623\" srcset=\"https:\/\/location-alpe-dhuez-villard-reculas.com\/wp-content\/uploads\/2023\/04\/transaltitude.jpg 1181w, https:\/\/location-alpe-dhuez-villard-reculas.com\/wp-content\/uploads\/2023\/04\/transaltitude-300x169.jpg 300w, https:\/\/location-alpe-dhuez-villard-reculas.com\/wp-content\/uploads\/2023\/04\/transaltitude-768x432.jpg 768w\" sizes=\"auto, (max-width: 1181px) 100vw, 1181px\" \/><\/a><figcaption class=\"wp-element-caption\">Des lignes vers toutes les stations de l&rsquo;Oisans sont propos\u00e9es via Transisere<\/figcaption><\/figure>\n<p><\/p>\n<p><\/p>\n<figure class=\"wp-block-image size-large is-style-rounded\"><a href=\"https:\/\/www.villard-reculas.com\/\"><img loading=\"lazy\" decoding=\"async\" width=\"1920\" height=\"1280\" data-id=\"619\" src=\"https:\/\/location-alpe-dhuez-villard-reculas.com\/wp-content\/uploads\/2023\/04\/villard-reculas-hiver-02.jpg\" alt=\"Appartement Villard-Reculas Alpe d'Huez\" class=\"wp-image-619\" srcset=\"https:\/\/location-alpe-dhuez-villard-reculas.com\/wp-content\/uploads\/2023\/04\/villard-reculas-hiver-02.jpg 1920w, https:\/\/location-alpe-dhuez-villard-reculas.com\/wp-content\/uploads\/2023\/04\/villard-reculas-hiver-02-300x200.jpg 300w, https:\/\/location-alpe-dhuez-villard-reculas.com\/wp-content\/uploads\/2023\/04\/villard-reculas-hiver-02-768x512.jpg 768w, https:\/\/location-alpe-dhuez-villard-reculas.com\/wp-content\/uploads\/2023\/04\/villard-reculas-hiver-02-1536x1024.jpg 1536w\" sizes=\"auto, (max-width: 1920px) 100vw, 1920px\" \/><\/a><figcaption class=\"wp-element-caption\">A vous votre appartement \u00e0 Villard-Reculas Alpe d&rsquo;Huez !<\/figcaption><\/figure>\n<p><\/figure>\n<p><\/p>\n<p><\/p>\n<p class=\"has-text-align-center has-medium-font-size\"><strong><em><mark style=\"background-color:rgba(0, 0, 0, 0)\" class=\"has-inline-color has-vivid-purple-color\">Vous arrivez de Lyon, pour rejoindre Grenoble gares : <\/mark><\/em><\/strong><\/p>\n<p><\/p>\n<p><\/p>\n<figure class=\"wp-block-gallery has-nested-images columns-default is-cropped wp-block-gallery-3 is-layout-flex wp-block-gallery-is-layout-flex\"><\/p>\n<figure class=\"wp-block-image size-large is-style-rounded\"><a href=\"https:\/\/www.lyonaeroports.com\/\"><img loading=\"lazy\" decoding=\"async\" width=\"1200\" height=\"768\" data-id=\"630\" src=\"https:\/\/location-alpe-dhuez-villard-reculas.com\/wp-content\/uploads\/2023\/04\/saint-ex-2.webp\" alt=\"Appartement Villard-Reculas Alpe d'Huez\" class=\"wp-image-630\" srcset=\"https:\/\/location-alpe-dhuez-villard-reculas.com\/wp-content\/uploads\/2023\/04\/saint-ex-2.webp 1200w, https:\/\/location-alpe-dhuez-villard-reculas.com\/wp-content\/uploads\/2023\/04\/saint-ex-2-300x192.webp 300w, https:\/\/location-alpe-dhuez-villard-reculas.com\/wp-content\/uploads\/2023\/04\/saint-ex-2-768x492.webp 768w\" sizes=\"auto, (max-width: 1200px) 100vw, 1200px\" \/><\/a><figcaption class=\"wp-element-caption\">Depuis l&rsquo;a\u00e9roport \/ Gare TGV de Lyon Saint Exupery<\/figcaption><\/figure>\n<p><\/p>\n<p><\/p>\n<figure class=\"wp-block-image size-large is-style-rounded\"><img loading=\"lazy\" decoding=\"async\" width=\"940\" height=\"370\" data-id=\"632\" src=\"https:\/\/location-alpe-dhuez-villard-reculas.com\/wp-content\/uploads\/2023\/04\/flixbus_blablabus.jpg\" alt=\"Flixbus \/ Blablacar\" class=\"wp-image-632\" srcset=\"https:\/\/location-alpe-dhuez-villard-reculas.com\/wp-content\/uploads\/2023\/04\/flixbus_blablabus.jpg 940w, https:\/\/location-alpe-dhuez-villard-reculas.com\/wp-content\/uploads\/2023\/04\/flixbus_blablabus-300x118.jpg 300w, https:\/\/location-alpe-dhuez-villard-reculas.com\/wp-content\/uploads\/2023\/04\/flixbus_blablabus-768x302.jpg 768w\" sizes=\"auto, (max-width: 940px) 100vw, 940px\" \/><figcaption class=\"wp-element-caption\">Lignes Flixbus ou Blablacar depuis Lyon Saint Exupery vers Grenoble<\/figcaption><\/figure>\n<p><\/p>\n<p><\/p>\n<figure class=\"wp-block-image size-large is-style-rounded\"><img loading=\"lazy\" decoding=\"async\" width=\"600\" height=\"400\" data-id=\"617\" src=\"https:\/\/location-alpe-dhuez-villard-reculas.com\/wp-content\/uploads\/2023\/04\/64099a4f89771_whatsapp-image-2023-03-09-at-08-48-59.jpeg\" alt=\"Appartement Villard-Reculas Alpe d'Huez\" class=\"wp-image-617\" srcset=\"https:\/\/location-alpe-dhuez-villard-reculas.com\/wp-content\/uploads\/2023\/04\/64099a4f89771_whatsapp-image-2023-03-09-at-08-48-59.jpeg 600w, https:\/\/location-alpe-dhuez-villard-reculas.com\/wp-content\/uploads\/2023\/04\/64099a4f89771_whatsapp-image-2023-03-09-at-08-48-59-300x200.jpeg 300w\" sizes=\"auto, (max-width: 600px) 100vw, 600px\" \/><figcaption class=\"wp-element-caption\">Arriv\u00e9e \u00e0 la gare routi\u00e8re de Grenoble centre<\/figcaption><\/figure>\n<p><\/figure>\n<p><\/p>\n<p><\/p>\n<h2 class=\"has-text-align-center has-medium-font-size wp-block-heading\"><mark style=\"background-color:rgba(0, 0, 0, 0)\" class=\"has-inline-color has-vivid-purple-color\"><em>Autres solutions : <\/em><\/mark><\/h2>\n<p><\/p>\n<p><\/p>\n<p class=\"has-small-font-size\">D&rsquo;autres solutions personnalis\u00e9es existent pour vous permettre de rejoindre la station ; n&rsquo;h\u00e9sitez pas \u00e0 nous consulter pour \u00e9tudier toutes les possibilit\u00e9s !<\/p>\n<p><\/p>\n<p><\/p>\n<div class=\"wp-block-buttons is-content-justification-center is-layout-flex wp-container-core-buttons-is-layout-a89b3969 wp-block-buttons-is-layout-flex\"><\/p>\n<div class=\"wp-block-button has-custom-font-size has-small-font-size\"><a class=\"wp-block-button__link wp-element-button\" href=\"https:\/\/location-alpe-dhuez-villard-reculas.com\/index.php\/contact\/\">Pour r\u00e9server votre logement<\/a><\/div>\n<p><\/div>\n<p><\/p>\n","protected":false},"excerpt":{"rendered":"<p>Vous arrivez de Grenoble Gares, pour rejoindre votre appartement de vacances \u00e0 Villard-Reculas Alpe d&rsquo;Huez grand domaine : voici les options ! Solution 1 : Solution 2 : Vous arrivez de Lyon, pour rejoindre Grenoble gares : Autres solutions : D&rsquo;autres solutions personnalis\u00e9es existent pour vous permettre de rejoindre la station ; n&rsquo;h\u00e9sitez pas \u00e0 &hellip; <\/p>\n<p class=\"link-more\"><a href=\"https:\/\/location-alpe-dhuez-villard-reculas.com\/index.php\/appartement-villard-reculas-alpe-dhuez\/\" class=\"more-link\">Lire la suite de<span class=\"screen-reader-text\">\u00ab\u00a0Depuis Grenoble \/ Lyon \/ Gen\u00e8ve\u00a0\u00bb<\/span><\/a><\/p>\n","protected":false},"author":1,"featured_media":0,"parent":0,"menu_order":0,"comment_status":"closed","ping_status":"closed","template":"","meta":{"inspiro_hide_title":false,"_joinchat":[],"footnotes":""},"class_list":["post-445","page","type-page","status-publish","hentry"],"yoast_head":"<!-- This site is optimized with the Yoast SEO plugin v27.3 - https:\/\/yoast.com\/product\/yoast-seo-wordpress\/ -->\n<title>Appartement Villard-Reculas Alpe d&#039;Huez<\/title>\n<meta name=\"description\" content=\"Appartement Villard-Reculas Alpe d&#039;Huez - Depuis Grenoble, Lyon o\u00f9 Gen\u00e8ve ! A vous les vacances dans votre appartement \u00e0 la montagne !\" \/>\n<meta name=\"robots\" content=\"index, follow, max-snippet:-1, max-image-preview:large, max-video-preview:-1\" \/>\n<link rel=\"canonical\" href=\"https:\/\/location-alpe-dhuez-villard-reculas.com\/index.php\/appartement-villard-reculas-alpe-dhuez\/\" \/>\n<meta property=\"og:locale\" content=\"fr_FR\" \/>\n<meta property=\"og:type\" content=\"article\" \/>\n<meta property=\"og:title\" content=\"Appartement Villard-Reculas Alpe d&#039;Huez\" \/>\n<meta property=\"og:description\" content=\"Appartement Villard-Reculas Alpe d&#039;Huez - Depuis Grenoble, Lyon o\u00f9 Gen\u00e8ve ! A vous les vacances dans votre appartement \u00e0 la montagne !\" \/>\n<meta property=\"og:url\" content=\"https:\/\/location-alpe-dhuez-villard-reculas.com\/index.php\/appartement-villard-reculas-alpe-dhuez\/\" \/>\n<meta property=\"og:site_name\" content=\"Location \u00e0 Villard-Reculas Domaine de l&#039;Alpe d&#039;Huez\" \/>\n<meta property=\"article:modified_time\" content=\"2023-05-24T13:05:59+00:00\" \/>\n<meta property=\"og:image\" content=\"https:\/\/location-alpe-dhuez-villard-reculas.com\/wp-content\/uploads\/2023\/04\/64099a4f89771_whatsapp-image-2023-03-09-at-08-48-59.jpeg\" \/>\n<meta name=\"twitter:card\" content=\"summary_large_image\" \/>\n<meta name=\"twitter:label1\" content=\"Dur\u00e9e de lecture estim\u00e9e\" \/>\n\t<meta name=\"twitter:data1\" content=\"3 minutes\" \/>\n<script type=\"application\/ld+json\" class=\"yoast-schema-graph\">{\"@context\":\"https:\\\/\\\/schema.org\",\"@graph\":[{\"@type\":\"WebPage\",\"@id\":\"https:\\\/\\\/location-alpe-dhuez-villard-reculas.com\\\/index.php\\\/appartement-villard-reculas-alpe-dhuez\\\/\",\"url\":\"https:\\\/\\\/location-alpe-dhuez-villard-reculas.com\\\/index.php\\\/appartement-villard-reculas-alpe-dhuez\\\/\",\"name\":\"Appartement Villard-Reculas Alpe d'Huez\",\"isPartOf\":{\"@id\":\"https:\\\/\\\/location-alpe-dhuez-villard-reculas.com\\\/#website\"},\"primaryImageOfPage\":{\"@id\":\"https:\\\/\\\/location-alpe-dhuez-villard-reculas.com\\\/index.php\\\/appartement-villard-reculas-alpe-dhuez\\\/#primaryimage\"},\"image\":{\"@id\":\"https:\\\/\\\/location-alpe-dhuez-villard-reculas.com\\\/index.php\\\/appartement-villard-reculas-alpe-dhuez\\\/#primaryimage\"},\"thumbnailUrl\":\"https:\\\/\\\/location-alpe-dhuez-villard-reculas.com\\\/wp-content\\\/uploads\\\/2023\\\/04\\\/64099a4f89771_whatsapp-image-2023-03-09-at-08-48-59.jpeg\",\"datePublished\":\"2023-03-14T14:45:09+00:00\",\"dateModified\":\"2023-05-24T13:05:59+00:00\",\"description\":\"Appartement Villard-Reculas Alpe d'Huez - Depuis Grenoble, Lyon o\u00f9 Gen\u00e8ve ! A vous les vacances dans votre appartement \u00e0 la montagne !\",\"breadcrumb\":{\"@id\":\"https:\\\/\\\/location-alpe-dhuez-villard-reculas.com\\\/index.php\\\/appartement-villard-reculas-alpe-dhuez\\\/#breadcrumb\"},\"inLanguage\":\"fr-FR\",\"potentialAction\":[{\"@type\":\"ReadAction\",\"target\":[\"https:\\\/\\\/location-alpe-dhuez-villard-reculas.com\\\/index.php\\\/appartement-villard-reculas-alpe-dhuez\\\/\"]}]},{\"@type\":\"ImageObject\",\"inLanguage\":\"fr-FR\",\"@id\":\"https:\\\/\\\/location-alpe-dhuez-villard-reculas.com\\\/index.php\\\/appartement-villard-reculas-alpe-dhuez\\\/#primaryimage\",\"url\":\"https:\\\/\\\/location-alpe-dhuez-villard-reculas.com\\\/wp-content\\\/uploads\\\/2023\\\/04\\\/64099a4f89771_whatsapp-image-2023-03-09-at-08-48-59.jpeg\",\"contentUrl\":\"https:\\\/\\\/location-alpe-dhuez-villard-reculas.com\\\/wp-content\\\/uploads\\\/2023\\\/04\\\/64099a4f89771_whatsapp-image-2023-03-09-at-08-48-59.jpeg\"},{\"@type\":\"BreadcrumbList\",\"@id\":\"https:\\\/\\\/location-alpe-dhuez-villard-reculas.com\\\/index.php\\\/appartement-villard-reculas-alpe-dhuez\\\/#breadcrumb\",\"itemListElement\":[{\"@type\":\"ListItem\",\"position\":1,\"name\":\"Accueil\",\"item\":\"https:\\\/\\\/location-alpe-dhuez-villard-reculas.com\\\/\"},{\"@type\":\"ListItem\",\"position\":2,\"name\":\"Depuis Grenoble \\\/ Lyon \\\/ Gen\u00e8ve\"}]},{\"@type\":\"WebSite\",\"@id\":\"https:\\\/\\\/location-alpe-dhuez-villard-reculas.com\\\/#website\",\"url\":\"https:\\\/\\\/location-alpe-dhuez-villard-reculas.com\\\/\",\"name\":\"Location Domaine de l'Alpe d'huez\",\"description\":\"Appartement chalet alpe d&#039;huez Villard Reculas\",\"publisher\":{\"@id\":\"https:\\\/\\\/location-alpe-dhuez-villard-reculas.com\\\/#organization\"},\"alternateName\":\"Location appartement ski Alpe d'huez\",\"potentialAction\":[{\"@type\":\"SearchAction\",\"target\":{\"@type\":\"EntryPoint\",\"urlTemplate\":\"https:\\\/\\\/location-alpe-dhuez-villard-reculas.com\\\/?s={search_term_string}\"},\"query-input\":{\"@type\":\"PropertyValueSpecification\",\"valueRequired\":true,\"valueName\":\"search_term_string\"}}],\"inLanguage\":\"fr-FR\"},{\"@type\":\"Organization\",\"@id\":\"https:\\\/\\\/location-alpe-dhuez-villard-reculas.com\\\/#organization\",\"name\":\"Location appartement ski montagne Domaine de l'Alpe d'huez\",\"alternateName\":\"vakantie appartement verhuur alpe d'huez\",\"url\":\"https:\\\/\\\/location-alpe-dhuez-villard-reculas.com\\\/\",\"logo\":{\"@type\":\"ImageObject\",\"inLanguage\":\"fr-FR\",\"@id\":\"https:\\\/\\\/location-alpe-dhuez-villard-reculas.com\\\/#\\\/schema\\\/logo\\\/image\\\/\",\"url\":\"https:\\\/\\\/location-alpe-dhuez-villard-reculas.com\\\/wp-content\\\/uploads\\\/2023\\\/03\\\/IMG-20201207-WA0000.jpg\",\"contentUrl\":\"https:\\\/\\\/location-alpe-dhuez-villard-reculas.com\\\/wp-content\\\/uploads\\\/2023\\\/03\\\/IMG-20201207-WA0000.jpg\",\"width\":960,\"height\":924,\"caption\":\"Location appartement ski montagne Domaine de l'Alpe d'huez\"},\"image\":{\"@id\":\"https:\\\/\\\/location-alpe-dhuez-villard-reculas.com\\\/#\\\/schema\\\/logo\\\/image\\\/\"}}]}<\/script>\n<!-- \/ Yoast SEO plugin. -->","yoast_head_json":{"title":"Appartement Villard-Reculas Alpe d'Huez","description":"Appartement Villard-Reculas Alpe d'Huez - Depuis Grenoble, Lyon o\u00f9 Gen\u00e8ve ! A vous les vacances dans votre appartement \u00e0 la montagne !","robots":{"index":"index","follow":"follow","max-snippet":"max-snippet:-1","max-image-preview":"max-image-preview:large","max-video-preview":"max-video-preview:-1"},"canonical":"https:\/\/location-alpe-dhuez-villard-reculas.com\/index.php\/appartement-villard-reculas-alpe-dhuez\/","og_locale":"fr_FR","og_type":"article","og_title":"Appartement Villard-Reculas Alpe d'Huez","og_description":"Appartement Villard-Reculas Alpe d'Huez - Depuis Grenoble, Lyon o\u00f9 Gen\u00e8ve ! A vous les vacances dans votre appartement \u00e0 la montagne !","og_url":"https:\/\/location-alpe-dhuez-villard-reculas.com\/index.php\/appartement-villard-reculas-alpe-dhuez\/","og_site_name":"Location \u00e0 Villard-Reculas Domaine de l&#039;Alpe d&#039;Huez","article_modified_time":"2023-05-24T13:05:59+00:00","og_image":[{"url":"https:\/\/location-alpe-dhuez-villard-reculas.com\/wp-content\/uploads\/2023\/04\/64099a4f89771_whatsapp-image-2023-03-09-at-08-48-59.jpeg","type":"","width":"","height":""}],"twitter_card":"summary_large_image","twitter_misc":{"Dur\u00e9e de lecture estim\u00e9e":"3 minutes"},"schema":{"@context":"https:\/\/schema.org","@graph":[{"@type":"WebPage","@id":"https:\/\/location-alpe-dhuez-villard-reculas.com\/index.php\/appartement-villard-reculas-alpe-dhuez\/","url":"https:\/\/location-alpe-dhuez-villard-reculas.com\/index.php\/appartement-villard-reculas-alpe-dhuez\/","name":"Appartement Villard-Reculas Alpe d'Huez","isPartOf":{"@id":"https:\/\/location-alpe-dhuez-villard-reculas.com\/#website"},"primaryImageOfPage":{"@id":"https:\/\/location-alpe-dhuez-villard-reculas.com\/index.php\/appartement-villard-reculas-alpe-dhuez\/#primaryimage"},"image":{"@id":"https:\/\/location-alpe-dhuez-villard-reculas.com\/index.php\/appartement-villard-reculas-alpe-dhuez\/#primaryimage"},"thumbnailUrl":"https:\/\/location-alpe-dhuez-villard-reculas.com\/wp-content\/uploads\/2023\/04\/64099a4f89771_whatsapp-image-2023-03-09-at-08-48-59.jpeg","datePublished":"2023-03-14T14:45:09+00:00","dateModified":"2023-05-24T13:05:59+00:00","description":"Appartement Villard-Reculas Alpe d'Huez - Depuis Grenoble, Lyon o\u00f9 Gen\u00e8ve ! A vous les vacances dans votre appartement \u00e0 la montagne !","breadcrumb":{"@id":"https:\/\/location-alpe-dhuez-villard-reculas.com\/index.php\/appartement-villard-reculas-alpe-dhuez\/#breadcrumb"},"inLanguage":"fr-FR","potentialAction":[{"@type":"ReadAction","target":["https:\/\/location-alpe-dhuez-villard-reculas.com\/index.php\/appartement-villard-reculas-alpe-dhuez\/"]}]},{"@type":"ImageObject","inLanguage":"fr-FR","@id":"https:\/\/location-alpe-dhuez-villard-reculas.com\/index.php\/appartement-villard-reculas-alpe-dhuez\/#primaryimage","url":"https:\/\/location-alpe-dhuez-villard-reculas.com\/wp-content\/uploads\/2023\/04\/64099a4f89771_whatsapp-image-2023-03-09-at-08-48-59.jpeg","contentUrl":"https:\/\/location-alpe-dhuez-villard-reculas.com\/wp-content\/uploads\/2023\/04\/64099a4f89771_whatsapp-image-2023-03-09-at-08-48-59.jpeg"},{"@type":"BreadcrumbList","@id":"https:\/\/location-alpe-dhuez-villard-reculas.com\/index.php\/appartement-villard-reculas-alpe-dhuez\/#breadcrumb","itemListElement":[{"@type":"ListItem","position":1,"name":"Accueil","item":"https:\/\/location-alpe-dhuez-villard-reculas.com\/"},{"@type":"ListItem","position":2,"name":"Depuis Grenoble \/ Lyon \/ Gen\u00e8ve"}]},{"@type":"WebSite","@id":"https:\/\/location-alpe-dhuez-villard-reculas.com\/#website","url":"https:\/\/location-alpe-dhuez-villard-reculas.com\/","name":"Location Domaine de l'Alpe d'huez","description":"Appartement chalet alpe d&#039;huez Villard Reculas","publisher":{"@id":"https:\/\/location-alpe-dhuez-villard-reculas.com\/#organization"},"alternateName":"Location appartement ski Alpe d'huez","potentialAction":[{"@type":"SearchAction","target":{"@type":"EntryPoint","urlTemplate":"https:\/\/location-alpe-dhuez-villard-reculas.com\/?s={search_term_string}"},"query-input":{"@type":"PropertyValueSpecification","valueRequired":true,"valueName":"search_term_string"}}],"inLanguage":"fr-FR"},{"@type":"Organization","@id":"https:\/\/location-alpe-dhuez-villard-reculas.com\/#organization","name":"Location appartement ski montagne Domaine de l'Alpe d'huez","alternateName":"vakantie appartement verhuur alpe d'huez","url":"https:\/\/location-alpe-dhuez-villard-reculas.com\/","logo":{"@type":"ImageObject","inLanguage":"fr-FR","@id":"https:\/\/location-alpe-dhuez-villard-reculas.com\/#\/schema\/logo\/image\/","url":"https:\/\/location-alpe-dhuez-villard-reculas.com\/wp-content\/uploads\/2023\/03\/IMG-20201207-WA0000.jpg","contentUrl":"https:\/\/location-alpe-dhuez-villard-reculas.com\/wp-content\/uploads\/2023\/03\/IMG-20201207-WA0000.jpg","width":960,"height":924,"caption":"Location appartement ski montagne Domaine de l'Alpe d'huez"},"image":{"@id":"https:\/\/location-alpe-dhuez-villard-reculas.com\/#\/schema\/logo\/image\/"}}]}},"_links":{"self":[{"href":"https:\/\/location-alpe-dhuez-villard-reculas.com\/index.php\/wp-json\/wp\/v2\/pages\/445","targetHints":{"allow":["GET"]}}],"collection":[{"href":"https:\/\/location-alpe-dhuez-villard-reculas.com\/index.php\/wp-json\/wp\/v2\/pages"}],"about":[{"href":"https:\/\/location-alpe-dhuez-villard-reculas.com\/index.php\/wp-json\/wp\/v2\/types\/page"}],"author":[{"embeddable":true,"href":"https:\/\/location-alpe-dhuez-villard-reculas.com\/index.php\/wp-json\/wp\/v2\/users\/1"}],"replies":[{"embeddable":true,"href":"https:\/\/location-alpe-dhuez-villard-reculas.com\/index.php\/wp-json\/wp\/v2\/comments?post=445"}],"version-history":[{"count":20,"href":"https:\/\/location-alpe-dhuez-villard-reculas.com\/index.php\/wp-json\/wp\/v2\/pages\/445\/revisions"}],"predecessor-version":[{"id":670,"href":"https:\/\/location-alpe-dhuez-villard-reculas.com\/index.php\/wp-json\/wp\/v2\/pages\/445\/revisions\/670"}],"wp:attachment":[{"href":"https:\/\/location-alpe-dhuez-villard-reculas.com\/index.php\/wp-json\/wp\/v2\/media?parent=445"}],"curies":[{"name":"wp","href":"https:\/\/api.w.org\/{rel}","templated":true}]}}